e 7, what is 5 - -32?
40
In base 2, what is -1000111 - -1110?
-111001
In base 3, what is 10 + -1221211?
-1221201
In base 6, what is -1231 - -2?
-1225
In base 15, what is 4a - -2?
4c
In base 8, what is -134 - 63?
-217
In base 12, what is 97 - 30?
67
In base 3, what is 20012 + -11?
20001
In base 6, what is 4 + -4220?
-4212
In base 2, what is 1001001001 - 0?
1001001001
In base 16, what is 0 + -c?
-c
In base 7, what is 6 + -11?
-2
In base 2, what is 10100011 + -1000110?
1011101
In base 4, what is -2 - 102112?
-102120
In base 2, what is 10111 - 11111?
-1000
In base 6, what is 55 + -15?
40
In base 9, what is 62 + 15?
77
In base 7, what is -304 - -4?
-300
In base 16, what is -17 - 3?
-1a
In base 6, what is 51 - -13?
104
In base 16, what is -bb - -1?
-ba
In base 7, what is -5620 + 1?
-5616
In base 15, what is 0 - d?
-d
In base 8, what is 32 + 13?
45
In base 11, what is 21a - -15?
234
In base 14, what is d5 - -19?
110
In base 15, what is 6 - -1c?
23
In base 2, what is 1 + 11111001111?
11111010000
In base 9, what is 88 + 36?
135
In base 3, what is -112 - 10?
-122
In base 8, what is -223 - -4?
-217
In base 11, what is -1 - -10a4?
10a3
In base 3, what is 100100 - -122?
100222
In base 2, what is -100010 - -11?
-11111
In base 6, what is 0 - -5011?
5011
In base 10, what is 40 - 3?
37
In base 15, what is -94 + -10?
-a4
In base 6, what is -4 - 1443?
-1451
In base 4, what is 333 + -1?
332
In base 12, what is -1377 + -3?
-137a
In base 10, what is 2 - -454?
456
In base 7, what is 3 - -2311?
2314
In base 13, what is 2 - -1b2?
1b4
In base 9, what is -1 + 115?
114
In base 8, what is -30571 - 4?
-30575
In base 14, what is -638 - 2?
-63a
In base 4, what is -1200 - -2?
-1132
In base 15, what is 25 - be?
-99
In base 10, what is 1791 - 5?
1786
In base 13, what is -4 - -45?
41
In base 4, what is 201 + -2232?
-2031
In base 12, what is -1073 - -2?
-1071
In base 2, what is -1011100 + 100?
-1011000
In base 11, what is 4 + -15a?
-156
In base 4, what is 211 - 20?
131
In base 7, what is -565 + -34?
-632
In base 2, what is -100 + 11000111101?
11000111001
In base 8, what is -12 + 72?
60
In base 8, what is 104741 - 5?
104734
In base 8, what is -243 - -56?
-165
In base 3, what is -11 - 1120?
-1201
In base 6, what is -5 + 25015?
25010
In base 8, what is -20702 - 2?
-20704
In base 16, what is -5 + 8f?
8a
In base 14, what is -4 + -cc6?
-cca
In base 13, what is 0 - 4?
-4
In base 13, what is 598 + 6?
5a1
In base 4, what is -1 - -11303?
11302
In base 8, what is 42 + -154?
-112
In base 14, what is abb - -1?
abc
In base 9, what is 27 + -4?
23
In base 10, what is 28 - 9?
19
In base 12, what is 1 - 5?
-4
In base 8, what is -2 - -6776?
6774
In base 6, what is -41 - 3?
-44
In base 5, what is 21023 - 3?
21020
In base 9, what is 78 - 4?
74
In base 3, what is -12 + 20?
1
In base 2, what is -101 + 111?
10
In base 4, what is -1 - -3103?
3102
In base 4, what is 2202030 - 1?
2202023
In base 3, what is 201 + 201?
1102
In base 6, what is -3 - 441?
-444
In base 3, what is -222000 + 0?
-222000
In base 10, what is -1300 - -3?
-1297
In base 6, what is 3 + 4224?
4231
In base 8, what is 5 + 15032?
15037
In base 9, what is -672 - 4?
-676
In base 9, what is -3522 - -5?
-3516
In base 8, what is 51 - -27?
100
In base 7, what is 5 + 212?
220
In base 14, what is b8 - b?
ab
In base 3, what is -10 - 2120121?
-2120201
In base 15, what is -1 - 1b?
-1c
In base 8, what is 0 - 2460?
-2460
In base 14, what is -8 + 8b?
83
In base 4, what is 10103 - 22?
10021
In base 3, what is 12 - 121110?
-121021
In base 14, what is -3 + -c?
-11
In base 2, what is -110111000 - -100?
-110110100
In base 9, what is -7265 - 4?
-7270
In base 2, what is 10 - -1011011?
1011101
In base 4, what is -1223 + -20?
-1303
In base 11, what is -15 + -5?
-1a
In base 11, what is -5 + 18?
13
In base 9, what is -5340 + -5?
-5345
In base 11, what is -9148 - 1?
-9149
In base 16, what is -97 - a?
-a1
In base 15, what is 8 + -83?
-7a
In base 10, what is -1 + -157?
-158
In base 12, what is 6 + 525?
52b
In base 4, what is 3230 - 11?
3213
In base 7, what is 106 + -5?
101
In base 16, what is -2 + -381?
-383
In base 15, what is 1 - -111?
112
In base 15, what is aa - -5?
b0
In base 14, what is 3069 - 4?
3065
In base 16, what is -3e + -5?
-43
In base 12, what is 8 + 45b?
467
In base 11, what is 0 - 45?
-45
In base 12, what is -3 + -b5b?
-b62
In base 2, what is -101 - 110001000?
-110001101
In base 5, what is 13 + -30?
-12
In base 14, what is -1 - 0?
-1
In base 7, what is 5623 + 3?
5626
In base 12, what is 193 + -12?
181
In base 5, what is 2 + 12114?
12121
In base 3, what is -11 + 2120210?
2120122
In base 12, what is a50 - 1?
a4b
In base 13, what is -17 - -73?
59
In base 8, what is 7 + -1455?
-1446
In base 2, what is 10 - -111110?
1000000
In base 7, what is 100 + 11?
111
In base 10, what is -758 + 2?
-756
In base 13, what is -25 + -b?
-33
In base 5, what is -2421 - 1?
-2422
In base 14, what is -27 + 4b?
24
In base 6, what is 1 - 1142?
-1141
In base 13, what is -5 - -145?
140
In base 13, what is -9 + 17?
b
In base 8, what is -2 + -1063?
-1065
In base 15, what is -b - 23?
-2e
In base 13, what is 234 - -a?
241
In base 13, what is 15 - 7?
b
In base 5, what is 1 - -33311?
33312
In base 9, what is -8 + -52?
-61
In base 7, what is 3 - 1116?
-1113
In base 9, what is 271 - 1?
270
In base 8, what is -2271 - 5?
-2276
In base 12, what is 6 + 4?
a
In base 14, what is -8 - -d50?
d46
In base 5, what is 0 + -2110?
-2110
In base 8, what is -116451 - 2?
-116453
In base 11, what is -5 - 15?
-1a
In base 11, what is -10 - -1796?
1786
In base 3, what is -1112212 - -2?
-1112210
In base 5, what is -44 + 1044?
1000
In base 5, what is -1 + 242?
241
In base 10, what is 42 - 0?
42
In base 5, what is -3301 - -10?
-3241
In base 3, what is 1120 - -12?
1202
In base 12, what is 3b0 - 5?
3a7
In base 2, what is 110111001 + 101?
110111110
In base 16, what is -3 + 0?
-3
In base 6, what is -4 - -212?
204
In base 4, what is 3201 - -21?
3222
In base 6, what is -40434 - -1?
-40433
In base 4, what is -232 + -323?
-1221
In base 7, what is 3 + -21?
-15
In base 13, what is -7 + 1414?
140a
In base 7, what is 52 + 10?
62
In base 10, what is 17411 + -4?
17407
In base 12, what is 0 - -1b?
1b
In base 8, what is -53 + 5?
-46
In base 7, what is -21 - 6?
-30
In base 9, what is -12 - 27?
-40
In base 14, what is 5b6 + 3?
5b9
In base 15, what is -4 + -a4?
-a8
In base 10, what is -251 - 11?
-262
In base 2, what is 0 + -1000111100110?
-1000111100110
In base 7, what is 21 - 10?
11
In base 15, what is 1 + 249?
24a
In base 12, what is -36 - 5?
-3b
In base 2, what is -110101010001100 + -1?
-110101010001101
In base 11, what is 6 - 1364?
-1359
In base 10, what is 4 + 930?
934
In base 2, what is 1 + -111110?
-111101
In base 3, what is -11 - -2112?
2101
In base 3, what is -2120 + 21?
-2022
In base 14, what is 2b64 - 2?
2b62
In base 3, what is -110102112 + 2?
-110102110
In base 5, what is -2 + -2024?
-2031
In base 7, what is 4 - 150?
-143
In base 9, what is -10 + 27?
17
In base 11, what is 1 + -60?
-5a
In base 6, what is 222 + 123?
345
In base 14, what is -4 - 59?
-5d
In base 11, what is -402 - -3?
-3aa
In base 12, what is -5 - -1839?
1834
In base 9, what is 2 - 4886?
-4884
In base 4, what is 11 + 1122?
1133
In base 5, what is -13123 + -4?
-13132
In base 11, what is -2 - -90?
89
In base 2, what is 1 - -1100100000?
1100100001
In base 2, what is -10001010 + 110?
-10000100
In base 11, what is 0 + -58?
-58
In base 10, what is -1739 - 2?
-1741
In base 7, what is -35 + 54?
16
In base 12, what is 0 + ab?
ab
In base 15, what is 10 + 6?
16
In base 7, what is 2223 + -5?
2215
In base 2, what is 100 + 100000011?
100000111
In base 14, what is -93 + -1?
-94
In base 15, what is -1 + -21?
-22
In base 3, what is -10 + 1002122?
1002112
In base 12, what is 1 + -1892?
-1891
In base 14, what is -4 + 12c0?
12ba
In base 7, what is 5 + 3?
11
In base 7, what is -4 + -5220?
-5224
In base 6, what is 435 + 2?
441
In base 3, what is 2210 - 10?
2200
In base 15, what is -e + -3?
-12
In base 5, what is 1100 + 40?
1140
In base 11, what is 32 + -7?
26
In base 15, what is 439 - -5?
43e
In base 3, what is 20 + -1002?
-212
In base 14, what is 3 + 7d1?
7d4
In base 9, what is 168 + -7?
161
In base 5, what is -201 - -13?
-133
In base 14, what is -2 + 382?
380
In base 10, w